. List the prime factors of l.
2, 11
Suppose -158*i - 470 = -163*i. Suppose -102*t = -i*t - 2800. List the prime factors of t.
2, 5, 7
What are the prime factors of (17 - (52 + -44))*(0 - 6274/(-6))?
3, 3137
Let n(f) be the second derivative of -2*f**3/3 - 4*f**2 - 18*f. Let x be n(-15). Suppose 5*y - x = -3*v, 4*y - y = -2*v + 31. What are the prime factors of y?
11
Let t(s) = 58*s**2 + 14*s + 28. List the prime factors of t(16).
2, 5, 151
What are the prime factors of 10743 + -5 + -17 + 6 + 9?
2, 11, 61
Suppose -2*g + 10 = 0, -4*u - 2*g = -2*u - 6. What are the prime factors of (u/(-3))/((-19)/(-57))?
2
Let g(c) = -12*c + 23. Let k be g(0). Suppose -z - 3*u + 19 = -0*u, z + 2*u - k = 0. List the prime factors of z.
31
Let b = 11891 - 5216. List the prime factors of b.
3, 5, 89
Let y(o) = -2*o**2 - 8*o + 56. Let f(p) = -3*p**2 - 8*p + 58. Let w(h) = -3*f(h) + 4*y(h). What are the prime factors of w(27)?
563
Let i(q) = -13*q - 30. Let n be i(-14). Suppose -113 = 5*w + n. Let d = 93 + w. What are the prime factors of d?
2, 5
Suppose -502 = -b - 0*b. Let k = -218 + b. List the prime factors of k.
2, 71
Suppose -5*z = -2*j - 134914, -169321 = -5*z + j - 34399. What are the prime factors of z?
2, 103, 131
Let v = -19 + 38. Suppose -3*j - v = -28. Suppose 102 = j*m - 117. List the prime factors of m.
73
Let l(c) = -c**3 + 15*c**2 + 30*c - 15. Let k(x) = -x**3 - x**2 + 1. Let w = 84 + -83. Let t(z) = w*l(z) - 2*k(z). What are the prime factors of t(-14)?
151
Suppose -4*u + 1416 = 2*k, -3*k = -0 + 12. Suppose -2*m = -u - 240. List the prime factors of m.
2, 149
List the prime factors of ((-80)/60)/(8/492)*-53.
2, 41, 53
Suppose 0*a - 2*a + 21196 = 5*b, 4*a + 21208 = 5*b. What are the prime factors of b?
2, 5, 53
Let v(b) = 4472*b**2 - 375*b + 3. List the prime factors of v(-4).
5, 19, 769
Let f(l) = -854*l - 6261. List the prime factors of f(-69).
3, 5, 3511
Let y = -20867 - -31524. What are the prime factors of y?
10657
Let w(f) = 7*f**2 - 2*f - 1. Let q be w(-6). Let k = q + -123. Suppose -48*x = -50*x + k. List the prime factors of x.
2, 5, 7
List the prime factors of -45*(3042/(-5) + 144/240).
3, 1013
Suppose -56*l + 1179412 = -26*l + 22*l. What are the prime factors of l?
37, 613
Suppose -4*o = 38 + 26. Suppose 11*c - 16*c - 40 = 3*n, -3*n = 0. List the prime factors of (-12)/o - (650/c - 0).
2, 41
Suppose -1358888 = -149*f - 25*f + 537712. List the prime factors of f.
2, 5, 109
Let l(d) = -d**2 - 7*d - 6. Let g be l(-4). Let u = 10623 - 10621. List the prime factors of 3/g + 387/u.
2, 97
Let d = 129 - 86. Let r(v) = v**3 - 5*v**2 - 4*v + 6. Let m be r(5). Let u = m + d. List the prime factors of u.
29
Suppose 29436 = 4*t + 2*g - 50496, 0 = -14*t + 3*g + 279782. List the prime factors of t.
2, 1249
Suppose 0 = -2*j - 2, j = -5*x - 3*j + 506. Suppose 3*c - 6 = -x. What are the prime factors of 6202/126 + (-2 - c/18)?
7
Let x(g) = -g**2 - 9*g + 75. Let r be x(-14). Suppose 0 = y + y. Suppose -r*t + t + 596 = y. List the prime factors of t.
149
Let b be (2/6)/((-8)/(-48)). Suppose b*i - 18 = -2. Suppose -i*f + 4*f = -264. What are the prime factors of f?
2, 3, 11
Suppose -106*f + 85*f = -72387. What are the prime factors of f?
3, 383
Let c(y) = -y. Let v be c(0). Let z(n) be the third derivative of n**4/8 + 37*n**3/3 + 18*n**2. List the prime factors of z(v).
2, 37
Let b be (-2 - 8)*36/(-90). List the prime factors of (-12345)/(-105) - b/7.
3, 13
Suppose -2*m - 3*z = 10, -2*m - 5*z - 17 = m. Let p be (m - -1) + 8 + -10. Suppose p = -4*u - 5*o + 130, 4*u + 3*o - 122 = 2*o. What are the prime factors of u?
2, 3, 5
Suppose -v = -5*q - 9917, -14*v + q = -19*v + 49611. List the prime factors of v.
2, 11, 41
Suppose 8*t - 2*z - 23243 = 5*t, 5*t + 5*z = 38780. List the prime factors of t.
23, 337
Let b(s) = -s**3 + 13*s**2 - 9*s + 4. Let z be b(12). Let n = -40 + z. Suppose -5*t + 180 = -n*t. What are the prime factors of t?
2, 3
Let d = -27954 + 59974. What are the prime factors of d?
2, 5, 1601
Let w = -13840 + 22209. List the prime factors of w.
8369
Suppose -3*d + i = -66109, 64*d + 110180 = 69*d - 2*i. What are the prime factors of d?
2, 3, 3673
Let f = 24 - -8. Let b be (f/(-12))/((-2)/204). Suppose -14*g = -18*g + b. What are the prime factors of g?
2, 17
Let s = -12380 + 17938. List the prime factors of s.
2, 7, 397
Let s(c) = -71*c**3 + 4*c**2 - 12*c - 1. Let b be s(2). Let k = b - -881. What are the prime factors of k?
2, 19
Let d be 912/(-9) - (8/12 - 2). Let n = d + -204. Let g = 520 + n. List the prime factors of g.
2, 3
Let x(g) = -2*g**3 - 5*g**2 - g + 4. Suppose 0*d - d + 17 = -4*q, -25 = 5*q. Let n be x(d). Suppose n*f = 12*f + 292. What are the prime factors of f?
73
Suppose 193 = -37*r + 2820. Suppose 3*p + 9 = 4*x, 2*p - 4*x - 3 = -5. Let t = p + r. List the prime factors of t.
2
Let k be (8194 - (-12 + 7)) + (-10)/2. Suppose -18*d = -d - k. What are the prime factors of d?
2, 241
Let s = 285 - 195. Suppose 2*g + 2*t + 60 = 3*t, -3*g - 2*t - s = 0. List the prime factors of 4*(-28)/32*g.
3, 5, 7
Let s = -152 + 299. Let p = s + -69. Suppose 5*u = 3*h - 133, 2*h - u = -3*u + p. List the prime factors of h.
41
Suppose 0 = -15*v - 75 - 15. What are the prime factors of (-2158)/v - 256/96?
3, 7, 17
Let o(l) = 1498*l**2 + 14*l + 8. List the prime factors of o(-2).
2, 1493
Suppose -2*f + 23 = -8*m + 13*m, -2*f = -4*m + 4. Let i be 6/1 + (-16)/8. Suppose 8*s = i*s - 12, -4*s = m*j - 468. List the prime factors of j.
2, 5
Let z = 7021 - 3069. List the prime factors of z.
2, 13, 19
Suppose -61*m + 5*h = -65*m + 27664, -2*m - 2*h = -13830. List the prime factors of m.
6911
Let v(p) = 5*p**2 + 9*p + 424. List the prime factors of v(-52).
2, 3, 1123
Suppose 0 = -t + 3*l - 4 - 2, -8 = -4*t - 4*l. Suppose 0 = 5*g - t*g - 805. What are the prime factors of g?
7, 23
Let w(r) be the third derivative of -11*r**4/12 - 2*r**3 + 44*r**2. Let y be w(6). Let l = y + 241. List the prime factors of l.
97
Let i(b) = 1403*b**2 + 84*b - 252. What are the prime factors of i(3)?
3, 23, 61
Suppose -5*g + 5*b + 24985 + 53050 = 0, 0 = 3*g + 3*b - 46833. List the prime factors of g.
3, 11, 43
Suppose -g + 4*g = 4*b - 12080, -g = -b + 3021. List the prime factors of b.
7, 431
Suppose -5*n + 5*q = -5945, 4*n - 4798 = 2094*q - 2097*q. What are the prime factors of n?
5, 239
Let o = 641 - 70. Let u = o + -45. List the prime factors of u.
2, 263
Let v be -2*(-5)/(-5) + 100*5. Suppose -5*h - 3*u + 1020 = -v, -1208 = -4*h + 4*u. Let s = h - 204. What are the prime factors of s?
3, 11
Suppose 2 - 11 = -3*v. Let m be -3 + (v - (0 - -1)). List the prime factors of (8/(-3 - m))/(-1).
2
Let i be 10*6/15 + -1. Suppose -i*b - 5*h = -1643, -4*b + 0*b - 3*h + 2176 = 0. What are the prime factors of b?
541
List the prime factors of (-14 - 570/(-40))*73652.
18413
Let k = -79306 + 112380. List the prime factors of k.
2, 23, 719
Let k = -26378 - -61364. List the prime factors of k.
2, 3, 7, 17
Let v(f) = -21*f + 449 + 23*f**2 + 435 - 863. What are the prime factors of v(5)?
491
Let f(k) = 6*k**3 + k**2 + k + 1. Let x = 24 + -25. Let a be f(x). List the prime factors of ((-2)/8)/(a/40).
2
Suppose -2*o + 6 = -3*c - 44, 75 = 3*o - 3*c. List the prime factors of 120/o*(-310)/(-4).
2, 3, 31
Let t(z) = -6*z + 25 + 0*z + 3*z + 10. Let w be t(11). List the prime factors of (-250)/(-3) + w/15*5.
2, 3, 7
Let p = -30200 + 112276. What are the prime factors of p?
2, 17, 71
Suppose 5*a = -2*i - 0 + 6, -10 = -a + 4*i. Let c be (-154)/21*6/(-4) + a. List the prime factors of 430/2 + -2 + c + -7.
3, 73
Suppose 5*y + 248 = 13*y. Suppose 0 = 37*m - y*m - 276. List the prime factors of m.
2, 23
Let u be 104/(-156) + (-5)/(15/5068). What are the prime factors of u/39*(-495)/25?
2, 3, 11, 13
Suppose 0 = -2*d + z + 63, 4*d - 3*z = 80 + 45. Suppose -d*h + 310 = -27*h. What are the prime factors of h?
2, 31
Let s = 1501 + 794. Suppose -5*r + 105 = -s. What are the prime factors of r?
2, 3, 5
Let m(k) = 21*k - 25. Suppose -2*i + p + 9 = 0, -2*i + p = i - 14. Suppose i*a - 26 + 1 = 0. List the prime factors of m(a).
2, 5
Suppose 7*w = 14, 4*k - 21624 = 7*w - 9*w. What are the prime factors of k?
5, 23, 47
Suppose -3*n = -z - 2125 + 14023, -3*z + 5*n = -35690. List the prime factors of z.
3, 5, 13, 61
Let b = 1